{"id":17,"date":"2024-01-19T10:43:45","date_gmt":"2024-01-19T10:43:45","guid":{"rendered":"https:\/\/wm-nhf.ifzg.hr\/?page_id=17"},"modified":"2024-03-05T14:01:27","modified_gmt":"2024-03-05T14:01:27","slug":"o_projektu","status":"publish","type":"page","link":"https:\/\/wm-nhf.ifzg.hr\/index.php\/o_projektu\/","title":{"rendered":"O projektu"},"content":{"rendered":"\n<div class=\"wp-block-group is-nowrap is-layout-flex wp-container-core-group-is-layout-6c531013 wp-block-group-is-layout-flex\">\n<div class=\"wp-block-group has-global-padding is-layout-constrained wp-block-group-is-layout-constrained\">\n<figure class=\"wp-block-image size-full is-resized\"><img loading=\"lazy\" decoding=\"async\" width=\"538\" height=\"956\" src=\"https:\/\/wm-nhf.ifzg.hr\/wp-content\/uploads\/2024\/01\/Wilhelm_Wundt-edited-1.jpg\" alt=\"\" class=\"wp-image-20\" style=\"width:161px;height:auto\" srcset=\"https:\/\/wm-nhf.ifzg.hr\/wp-content\/uploads\/2024\/01\/Wilhelm_Wundt-edited-1.jpg 538w, https:\/\/wm-nhf.ifzg.hr\/wp-content\/uploads\/2024\/01\/Wilhelm_Wundt-edited-1-169x300.jpg 169w\" sizes=\"auto, (max-width: 538px) 100vw, 538px\" \/><\/figure>\n<\/div>\n\n\n\n<figure class=\"wp-block-image size-full is-resized\"><img loading=\"lazy\" decoding=\"async\" width=\"337\" height=\"434\" src=\"https:\/\/wm-nhf.ifzg.hr\/wp-content\/uploads\/2024\/01\/Cardinal_Mercier_a_Rome.jpg\" alt=\"\" class=\"wp-image-21\" style=\"width:221px;height:auto\" srcset=\"https:\/\/wm-nhf.ifzg.hr\/wp-content\/uploads\/2024\/01\/Cardinal_Mercier_a_Rome.jpg 337w, https:\/\/wm-nhf.ifzg.hr\/wp-content\/uploads\/2024\/01\/Cardinal_Mercier_a_Rome-233x300.jpg 233w\" sizes=\"auto, (max-width: 337px) 100vw, 337px\" \/><\/figure>\n<\/div>\n\n\n\n<p>Dvije su glavne teme ovog projekta: prvo, recepcija Wundta u novijoj hrvatskoj filozofiji i, drugo, Mercierov utjecaj na Zimmermanna.<br>Wilhelm Wundt je ne samo najzaslu\u017eniji me\u0111u utemeljiteljima eksperimentalne psihologije nego i autor mnogih vrijednih filozofskih djela. Njegovo znanstveno i filozofsko djelo nai\u0161lo je na znatnu recepciju i me\u0111u hrvatskim filozofima s kraja 19. i u prvoj polovici 20. stolje\u0107a. Ta recepcija dosad nije bila sustavno istra\u017eivana. Ovaj projekt nastoji taj nedostatak nadoknaditi, u prvom redu, sustavnim istra\u017eivanjem recepcije Wundtove misli u Gjure Arnolda, Antuna Bauera, Alberta Bazale, Elze Ku\u010dere i Vladimira Dvornikovi\u0107a, i to kako s obzirom na njegovu eksperimentalnu psihologiju i psihologiju naroda, tako i s obzirom na njegovu filozofiju.<br>D\u00e9sir\u00e9-Joseph Mercier osniva\u010d je i dugogodi\u0161nji predvodnik krajem 19. i u prvoj polovici 20. stolje\u0107a izrazito utjecajne louvainske neoskolastike, koja je gajila posebno otvorenost prema modernim znanostima. Stjepan Zimmermann, najistaknutiji hrvatski neoskolastik, sam je u vi\u0161e navrata istaknuo da je na njegov filozofski pristup, uz Geysera, najvi\u0161e utjecao Mercier. Taj utjecaj, me\u0111utim, u dosada\u0161njoj literaturi o Zimmermannu nije istra\u017eivan. Ovaj projekt nastoji taj nedostatak nadoknaditi, u prvom redu, sustavnim istra\u017eivanjem Mercierova utjecaja na Zimmermannovu spoznajnu teoriju (disciplinu u kojoj je taj utjecaj zacijelo najizrazitiji).<\/p>\n\n\n\n<hr class=\"wp-block-separator has-text-color has-base-color has-alpha-channel-opacity has-base-background-color has-background\" style=\"margin-top:var(--wp--preset--spacing--40);margin-bottom:var(--wp--preset--spacing--40)\"\/>\n","protected":false},"excerpt":{"rendered":"<p>Dvije su glavne teme ovog projekta: prvo, recepcija Wundta u novijoj hrvatskoj filozofiji i, drugo, Mercierov utjecaj na Zimmermanna.Wilhelm Wundt je ne samo najzaslu\u017eniji me\u0111u utemeljiteljima eksperimentalne psihologije nego i autor mnogih vrijednih filozofskih djela. Njegovo znanstveno i filozofsko djelo nai\u0161lo je na znatnu recepciju i me\u0111u hrvatskim filozofima s kraja 19. i u prvoj [&hellip;]<\/p>\n","protected":false},"author":2,"featured_media":0,"parent":0,"menu_order":0,"comment_status":"closed","ping_status":"closed","template":"","meta":{"footnotes":""},"class_list":["post-17","page","type-page","status-publish","hentry"],"_links":{"self":[{"href":"https:\/\/wm-nhf.ifzg.hr\/index.php\/wp-json\/wp\/v2\/pages\/17","targetHints":{"allow":["GET"]}}],"collection":[{"href":"https:\/\/wm-nhf.ifzg.hr\/index.php\/wp-json\/wp\/v2\/pages"}],"about":[{"href":"https:\/\/wm-nhf.ifzg.hr\/index.php\/wp-json\/wp\/v2\/types\/page"}],"author":[{"embeddable":true,"href":"https:\/\/wm-nhf.ifzg.hr\/index.php\/wp-json\/wp\/v2\/users\/2"}],"replies":[{"embeddable":true,"href":"https:\/\/wm-nhf.ifzg.hr\/index.php\/wp-json\/wp\/v2\/comments?post=17"}],"version-history":[{"count":4,"href":"https:\/\/wm-nhf.ifzg.hr\/index.php\/wp-json\/wp\/v2\/pages\/17\/revisions"}],"predecessor-version":[{"id":87,"href":"https:\/\/wm-nhf.ifzg.hr\/index.php\/wp-json\/wp\/v2\/pages\/17\/revisions\/87"}],"wp:attachment":[{"href":"https:\/\/wm-nhf.ifzg.hr\/index.php\/wp-json\/wp\/v2\/media?parent=17"}],"curies":[{"name":"wp","href":"https:\/\/api.w.org\/{rel}","templated":true}]}}